) = 45*z**2 - 3*z - 1. Is m(x) a prime number?
False
Suppose 0*u + 6 = 2*u. Suppose 2*i = -u*b - 485 + 130, 0 = -3*i + 3*b - 495. Let g = i - -309. Is g a composite number?
False
Suppose 0 = -28*t + 23*t + 870. Suppose -2*q = -r - t - 56, 4*q - 4*r - 468 = 0. Is q a composite number?
False
Let x be -1*(0 + -1) + -1. Let i(v) = v + 9. Let w be i(x). Is 76 - 2/((-6)/w) a composite number?
False
Suppose r = -0*r + 150. Suppose -5*l = l - r. Is l a prime number?
False
Let h(x) = -219*x + 2. Let i(l) = 439*l - 4. Let a(m) = -13*h(m) - 6*i(m). Suppose 0*j = -3*j + 3. Is a(j) prime?
True
Let c(u) = 6460*u**3 + 16*u**2 - 37*u - 10. Is c(3) a prime number?
True
Suppose 5*c + 3 - 28 = 0, 2*c = 5*t - 1945. Is t prime?
False
Suppose 5*n - 8*n + 17133 = 0. Is n composite?
False
Suppose 3*m - 4*g - 32721 = -2*m, 4*m + 3*g - 26152 = 0. Suppose -3*j = -m + 1522. Is j prime?
False
Let v = -39 + 27. Let m = -9 - v. Suppose 0 = -m*d + 1268 - 389. Is d prime?
True
Let f = 387 + 234. Let t = -1 - -1. Suppose -5*a + 404 + f = t. Is a prime?
False
Suppose -i = 3*c - 5233, 4*c - 15689 = -4*i + i. Is i a composite number?
False
Let j(h) = -64*h - 663. Is j(-13) a prime number?
False
Let h = 63 - 20. Is 3 - (h + -2)*-2 prime?
False
Suppose -9*x = -13*x + 23032. Suppose 6*i - 2*i + 2*k - x = 0, i + 2*k = 1441. Is i a prime number?
True
Let k(l) = -5*l + 2. Let b(f) = -20*f + 9. Let t(a) = -6*b(a) + 26*k(a). Let j be t(-7). Suppose -p = 21 - j. Is p prime?
True
Suppose 4 = -3*h - 35. Is (-6)/(-39) - 14961/h a composite number?
False
Let g(a) = -a - 14. Let r be g(-19). Suppose 4*w - r*p = -0*p + 2579, 1288 = 2*w - 2*p. Is w a composite number?
False
Let k(g) be the third derivative of 311*g**4/24 + 17*g**3/3 - 39*g**2. Is k(11) a composite number?
True
Suppose 0 = -14*u + 9*u + 585. Suppose x + w = u, -4*x + 0*x + 5*w = -486. Is x a composite number?
True
Let y = -2608 + 1824. Suppose -5*o = 2*c - 2889, -4*o - 10 = -2*o. Let p = c + y. Is p a composite number?
False
Let n = 6583 + 728. Is n a composite number?
True
Let f(y) = -y**2 + 4*y - 7. Let p be f(3). Is 2/p*(-12 - 602) a prime number?
True
Suppose 6*j = 5*j. Let m(k) = k**3 + k + 3. Let t be m(j). Suppose -t*x + 938 = -x. Is x a prime number?
False
Suppose 41482 = 16*y - 2*y. Is y a composite number?
False
Suppose 865 = r - 6*r. Let x = -366 - r. Let n = 320 + x. Is n a prime number?
True
Suppose 0 = -14*f - 29*f + 2019065. Is f prime?
False
Is (-136929)/(-312) + 1/8 composite?
False
Suppose 7*z = 2*z + 35. Suppose 37 - 2 = z*w. Suppose 3*i - 87 = 4*f + 236, -i + 93 = -w*f. Is i a composite number?
False
Suppose -124 = -7*t + 6*t. Suppose -5*b + t = v, -10 = -b - 2*v + 22. Let d = -14 + b. Is d a composite number?
True
Let g(n) = 2748*n + 4. Let t be g(-2). Let j = -9 - t. Is j composite?
False
Suppose -3*u - 9 = -3*x, 5*u - 3*x - 1 = 4*u. Let m(h) = -37*h**3 + 6*h**2 - 2*h - 16. Is m(u) a composite number?
True
Let q(j) = 16*j**2 - 8*j - 1. Suppose 13 = -2*y - r, 1 = -2*r - 1. Is q(y) a prime number?
False
Let k(z) = 2*z**3 + 4*z**2 + 3*z + 1. Let f be k(-2). Let h(w) = -54*w - 47. Is h(f) prime?
True
Let u = 1663 - -544. Is u prime?
True
Let g(l) = 177*l + 5. Let i be g(-3). Let v = i + 1157. Is v a prime number?
True
Suppose 8930 = 4*q + 3*c, 3*q - 6694 = -4*c - 0*c. Is q prime?
False
Let s be ((-15)/6 - -3)*22. Is (2 + -1)/(s/253) composite?
False
Suppose -2*k + 5*m + 11 = 0, 2*m - m + 1 = k. Is (1/k)/(1 - 2892/2888) a prime number?
False
Suppose 8455 = 14*x - 10263. Is x a composite number?
True
Let x(j) = -j**3 + 43*j**2 + 53*j - 26. Is x(35) a prime number?
False
Suppose 5 = -k, -2*k = -0*i + i - 10071. Is i prime?
False
Let t(c) = 2586*c + 83. Is t(4) a composite number?
False
Let i = 40 - -11. Let c = i + 256. Is c a prime number?
True
Suppose 3*j + 10 = -3*w + 1, -2*j - 4*w - 12 = 0. Suppose -z + j*z = -13. Is z prime?
True
Is (-1)/(-4)*(75498 - 230) a composite number?
True
Let z(c) be the second derivative of -191*c**4/6 + 7*c**3/6 + 3*c**2 - 8*c. Let v(i) = -191*i**2 + 4*i + 3. Let m(f) = 7*v(f) - 4*z(f). Is m(2) a prime number?
True
Let f(r) = r**3 - 12*r**2 - 5*r + 39. Is f(17) a composite number?
False
Let m = 12 - -8. Suppose 5*l - 3*o = 107, -5*l + 95 - m = 5*o. Is l prime?
True
Is -8 + -2 + 14935 + -2 prime?
True
Let p(s) = -171*s**3 + 2*s**2 - 16*s - 56. Is p(-3) a prime number?
False
Is 126/(-105) - (-10682)/10 a composite number?
True
Let c(r) = -r + 7. Let m be c(2). Suppose 0 = -p - 5*j + 394, m*p = 3*p - 4*j + 770. Is p a composite number?
False
Let w(c) = 12*c + 24. Let d be w(-2). Suppose d*i = 3*i - 471. Is i composite?
False
Suppose 0 = 4*g - 4*t - 8, 4*t - 1 - 3 = -2*g. Suppose 0 = -f - 3, -5*r + 0*f = -g*f - 10271. Is r a prime number?
True
Let q be 288/(-45)*(-5)/2. Suppose -14235 = -q*w - 1403. Is w a composite number?
True
Suppose 10*b - 5*b = -2*p + 2335, 0 = -5*b + 4*p + 2365. Is b a prime number?
False
Suppose -d - 5*j + 7321 = 0, 0*d = -d + j + 7333. Is d a composite number?
False
Let z(r) = 16*r**2 + 3*r - 2. Let d be ((-2)/5)/((-2)/40). Suppose 3*p - 1 + 6 = f, 0 = 2*f + d. Is z(p) a prime number?
False
Let s be ((-344)/(-6))/(6/9). Let m(j) = 30*j - 107*j - 2 - s*j. Is m(-1) prime?
False
Let a = -3 + -2. Let n(h) = 4*h**2 + 7*h - 6. Is n(a) a composite number?
False
Suppose 6*h = 7*h + 54. Let m = h - -199. Is m a prime number?
False
Let x = -7756 - -2107. Let h be x*(3 + (-20)/6). Is (-2)/3 + h/21 composite?
False
Suppose 17*l + 51933 = 20*l. Is l a prime number?
False
Let n(g) = 2*g**2 + g - 1. Let y be n(0). Is (-3 - (-17 - y))*23 prime?
False
Let j be (10/(-5) - 1)*(-8848)/6. Suppose 0 = 5*u - j - 771. Is u composite?
False
Suppose 0 = 3*k - 3*n - 37 - 104, 2*k = -3*n + 104. Is 5280/14 - 7/k a prime number?
False
Suppose 0 = 44*i - 16*i - 1340024. Is i a prime number?
False
Let n(o) = -158*o**2 + 10*o - 1. Let l(m) = -157*m**2 + 11*m - 1. Let d(h) = 4*l(h) - 5*n(h). Let f be d(2). Let s = f - 438. Is s a composite number?
False
Let v(m) = -m**2 - 117*m - 25. Is v(-39) a prime number?
False
Suppose 0 = 3*i - 2*p - 29335, 5*i - 48909 = 2*p - 3*p. Is i prime?
True
Suppose -9742 = -24*a + 1034. Is a a prime number?
True
Let z(k) = 205*k + 276. Is z(11) prime?
True
Let u(g) be the first derivative of g**2/2 + 14*g - 2. Is u(17) a composite number?
False
Suppose 4*a + m + 0*m - 20 = 0, 0 = -a - m + 8. Is 268 + (-12)/(-16)*a a composite number?
False
Let f(h) be the third derivative of 53*h**5/60 + h**4/6 + 7*h**3/6 - 10*h**2. Is f(4) prime?
False
Let s(x) = -11*x**3 - 4*x**2 + 12*x + 4. Let u be s(5). Let k = u + 2088. Is k a composite number?
False
Suppose -55*b - 1408934 = -8958949. Is b prime?
True
Suppose -3527 + 12139 = 4*k. Is k a composite number?
False
Let j(p) = -p**3 - 19*p**2 + 25*p - 67. Let u be j(-22). Let v = -2 - -4. Suppose 3*h + v*q = -2*q + 621, u = 4*h + 3*q. Is h a prime number?
True
Suppose 0*o - 3085 = -4*s - o, 3*o - 774 = -s. Let j = 2170 - s. Is j a prime number?
True
Let y(i) = 15*i**2 + 9*i + 10. Let b be y(10). Suppose -1035 = -5*g + b. Is g a composite number?
True
Suppose 6*c - 7144 - 7874 = 0. Is c a composite number?
False
Suppose 152*w + 130401 = 161*w. Is w prime?
True
Let c(d) = 144*d**2 - 4*d - 17. Is c(4) a composite number?
True
Let j(t) = -t + 1. Let r be j(-5). Suppose -10 = d - r*d. Suppose -d*m + 200 = -66. Is m a composite number?
True
Is 4905 + 1 + 4 + -7 a composite number?
False
Suppose 0 = -4*y - 18 + 2. Let d be 1 + y - -2 - -1674. Let f = d - 1120. Is f a prime number?
False
Let n be 168 - (5 - (1 - 0)). Let i = 233 - n. Is i a composite number?
True
Let s = -15972 + 39941. Is s composite?
True
Let h(n) = -17*n**2 + 3*n + 5. Let g(b) = -52*b**2 + 9*b + 15. Suppose 25 = -0*j - 4*j - q, 5*j - 2*q = -41. Let m(t) = j*h(t) + 2*g(t). Is m(4) a prime number?
True
Let m be 263/(-1) - (-3)/3. Let j = m + 419. Is j prime?
True
Let m(w) = w**2 - w - 2. Let k be m(4). Is 1 + k/(-5) + 1*635 a composite number?
True
Let z be ((-24)/15)/(2/(-5)). Is ((-211)/z)/((-4)/16) prime?
True
Let s = -7 + 9. Let v be 573 + (-1)/(-1) - s. Let c = -369 + v. Is c composite?
True
Let d be 4/28 - 20/(-7). Suppose 0 = -3*g + 3, -2*q + 444 = -d*g - 849. Suppose 5*v - 4*l - 1099 = -2*l, -5*l - q = -3*v. Is v composite?
True
Let j(i) = 5*i**3 - 13*i**2 + 